{"id":3100,"date":"2013-10-22T13:55:11","date_gmt":"2013-10-22T13:55:11","guid":{"rendered":"http:\/\/www.europa-prefabri.com\/aviso-legal-2\/"},"modified":"2021-06-16T10:56:10","modified_gmt":"2021-06-16T08:56:10","slug":"aviso-legal","status":"publish","type":"page","link":"https:\/\/www.europa-prefabri.com\/fr\/aviso-legal\/","title":{"rendered":"Mention l\u00e9gale"},"content":{"rendered":"<h2><strong>Mention l\u00e9gale <\/strong><\/h2>\n<p><strong>PREFABRI, S.L.<\/strong>, ayant pour CIF\/NIF le n\u00ba: B78567799 et domicili\u00e9e au : 6 Calle Per\u00fa, Edif. Twin Golf B, 2-1, 28290 \u2013 Las Rozas (Madrid), ne peut assumer quelque responsabilit\u00e9 li\u00e9e \u00e0 une utilisation incorrecte, inappropri\u00e9e ou illicite des donn\u00e9es publi\u00e9es sur le site\u00a0: <a href=\"https:\/\/www.europa-prefabri.com\">www.europa-prefabri.com<\/a>.<\/p>\n<p><strong>PREFABRI, S.L.<\/strong> est inscrite au Registre du Commerce de Madrid, au tome 7956 g\u00e9n\u00e9ral de la section 3 du Livre de Soci\u00e9t\u00e9s, feuillet 192 page 68928-3.<\/p>\n<p>Avec les limites \u00e9tablies par la loi, <strong>PREFABRI, S.L.<\/strong> ne prend aucunement la responsabilit\u00e9 li\u00e9e au manque de v\u00e9racit\u00e9, d\u2019int\u00e9grit\u00e9, d\u2019actualisation ou de pr\u00e9cision des informations contenues sur le site internet.<\/p>\n<p>Les contenus ou informations ne contraignent en aucun cas <strong>PREFABRI, S.L.<\/strong>, ni ne constituent quel qu\u2019opinion, conseils, ou accompagnement juridique de n\u2019importe quelle sorte \u00e9tant donn\u00e9 qu\u2019il s\u2019agit d\u2019un service propos\u00e9 \u00e0 titre informatif.<\/p>\n<p>Les pages internet de <strong>PREFABRI, S.L.<\/strong> peuvent contenir des liens vers des pages autres que <strong>PREFABRI, S.L.<\/strong> ne peut contr\u00f4ler. Ainsi, <strong>PREFABRI, S.L.<\/strong> ne peut prendre en charge la responsabilit\u00e9 du contenu publi\u00e9 sur ces autres pages.<\/p>\n<p>Les textes, images, sons, animations, software et reste du contenu inclus sur ce site internet sont la propri\u00e9t\u00e9 exclusive de PREFABRI, S.L. ou de ses conc\u00e9dants.<\/p>\n<p>Toute transmission, distribution, cession, reproduction, stockage ou communication publique totale ou partielle, devra disposer du consentement expr\u00e8s de PREFABRI, S.L.<\/p>\n<p>Aussi, pour acc\u00e9der \u00e0 l\u2019un des services propos\u00e9 par <strong>PREFABRI, S.L.<\/strong> \u00e0 travers de sa page internet, des donn\u00e9es \u00e0 caract\u00e8re personnel vous seront demand\u00e9es.<\/p>\n<p>En accord avec ce qui est \u00e9tablit par le R\u00e8glement (UE) 2016\/679 du Parlement Europ\u00e9en et du Conseil du 27 avril 2016, relatif \u00e0 la protection des personnes physiques en ce qui concerne le traitement des donn\u00e9es personnelles et la libre circulation de ces donn\u00e9es nous informons que, par le respect des normes cit\u00e9es ci-dessus, vos donn\u00e9es personnelles seront incorpor\u00e9es et trait\u00e9es par les fichiers de <strong>PREFABRI, S.L.<\/strong> dans le but de pouvoir vous offrir nos services ainsi que pour vous informer des \u00e9ventuelles am\u00e9lioration du site internet.<\/p>\n<p>Nous vous informons \u00e9galement que vous aurez la possibilit\u00e9 \u00e0 tout moment d\u2019exercer votre droit d\u2019acc\u00e8s, de rectification, d\u2019annulation, d\u2019opposition, de limitation et de portabilit\u00e9 de vos donn\u00e9es \u00e0 caract\u00e8re personnel, de fa\u00e7on gratuite par email \u00e0\u00a0: <a href=\"mailto:communication@europa-prefabri.com\">communication@europa-prefabri.com<\/a> ou par courrier \u00e0\u00a0: Calle Per\u00fa 6, Edif. Twin Golf B, 2-1, 28290 \u2013 Las Rozas (Madrid) \u2013 Espagne.<\/p>\n","protected":false},"excerpt":{"rendered":"<p>Mention l\u00e9gale PREFABRI, S.L., ayant pour CIF\/NIF le n\u00ba: B78567799 et domicili\u00e9e au : 6 Calle Per\u00fa, Edif. Twin Golf B, 2-1, 28290 \u2013 Las Rozas (Madrid), ne peut assumer quelque responsabilit\u00e9 li\u00e9e \u00e0 une utilisation incorrecte, inappropri\u00e9e ou illicite des donn\u00e9es publi\u00e9es sur le site\u00a0: www.europa-prefabri.com. PREFABRI, S.L. est inscrite au Registre du Commerce [&hellip;]<\/p>\n","protected":false},"author":4,"featured_media":0,"parent":0,"menu_order":99,"comment_status":"closed","ping_status":"closed","template":"","meta":{"footnotes":""},"class_list":["post-3100","page","type-page","status-publish","hentry"],"yoast_head":"<!-- This site is optimized with the Yoast SEO plugin v27.5 - https:\/\/yoast.com\/product\/yoast-seo-wordpress\/ -->\n<title>Europa Prefabri - Condiciones Generales<\/title>\n<meta name=\"description\" content=\"Condiciones generales de uso del sitio web de Europa Prefabri\" \/>\n<meta name=\"robots\" content=\"index, follow, max-snippet:-1, max-image-preview:large, max-video-preview:-1\" \/>\n<link rel=\"canonical\" href=\"https:\/\/www.europa-prefabri.com\/fr\/aviso-legal\/\" \/>\n<meta property=\"og:locale\" content=\"fr_FR\" \/>\n<meta property=\"og:type\" content=\"article\" \/>\n<meta property=\"og:title\" content=\"Europa Prefabri - Condiciones Generales\" \/>\n<meta property=\"og:description\" content=\"Condiciones generales de uso del sitio web de Europa Prefabri\" \/>\n<meta property=\"og:url\" content=\"https:\/\/www.europa-prefabri.com\/fr\/aviso-legal\/\" \/>\n<meta property=\"og:site_name\" content=\"Europa Prefabri | Alquiler y venta de construcciones modulares\" \/>\n<meta property=\"article:publisher\" content=\"https:\/\/www.facebook.com\/Europa-Prefabri-258328977572213\/\" \/>\n<meta property=\"article:modified_time\" content=\"2021-06-16T08:56:10+00:00\" \/>\n<meta name=\"twitter:card\" content=\"summary_large_image\" \/>\n<meta name=\"twitter:site\" content=\"@EuropaPrefabri\" \/>\n<meta name=\"twitter:label1\" content=\"Est. reading time\" \/>\n\t<meta name=\"twitter:data1\" content=\"2 minutes\" \/>\n<script type=\"application\/ld+json\" class=\"yoast-schema-graph\">{\"@context\":\"https:\\\/\\\/schema.org\",\"@graph\":[{\"@type\":\"WebPage\",\"@id\":\"https:\\\/\\\/www.europa-prefabri.com\\\/fr\\\/aviso-legal\\\/\",\"url\":\"https:\\\/\\\/www.europa-prefabri.com\\\/fr\\\/aviso-legal\\\/\",\"name\":\"Europa Prefabri - Condiciones Generales\",\"isPartOf\":{\"@id\":\"https:\\\/\\\/www.europa-prefabri.com\\\/#website\"},\"datePublished\":\"2013-10-22T13:55:11+00:00\",\"dateModified\":\"2021-06-16T08:56:10+00:00\",\"description\":\"Condiciones generales de uso del sitio web de Europa Prefabri\",\"breadcrumb\":{\"@id\":\"https:\\\/\\\/www.europa-prefabri.com\\\/fr\\\/aviso-legal\\\/#breadcrumb\"},\"inLanguage\":\"fr-FR\",\"potentialAction\":[{\"@type\":\"ReadAction\",\"target\":[\"https:\\\/\\\/www.europa-prefabri.com\\\/fr\\\/aviso-legal\\\/\"]}]},{\"@type\":\"BreadcrumbList\",\"@id\":\"https:\\\/\\\/www.europa-prefabri.com\\\/fr\\\/aviso-legal\\\/#breadcrumb\",\"itemListElement\":[{\"@type\":\"ListItem\",\"position\":1,\"name\":\"Portada\",\"item\":\"https:\\\/\\\/www.europa-prefabri.com\\\/fr\\\/\"},{\"@type\":\"ListItem\",\"position\":2,\"name\":\"Mention l\u00e9gale\"}]},{\"@type\":\"WebSite\",\"@id\":\"https:\\\/\\\/www.europa-prefabri.com\\\/#website\",\"url\":\"https:\\\/\\\/www.europa-prefabri.com\\\/\",\"name\":\"Europa Prefabri | Alquiler y venta de construcciones modulares\",\"description\":\"Alquiler y venta de construcciones modulares, casetas de obra, marquesinas de aparcamiento y vallas y cerramientos.\",\"publisher\":{\"@id\":\"https:\\\/\\\/www.europa-prefabri.com\\\/#organization\"},\"potentialAction\":[{\"@type\":\"SearchAction\",\"target\":{\"@type\":\"EntryPoint\",\"urlTemplate\":\"https:\\\/\\\/www.europa-prefabri.com\\\/?s={search_term_string}\"},\"query-input\":{\"@type\":\"PropertyValueSpecification\",\"valueRequired\":true,\"valueName\":\"search_term_string\"}}],\"inLanguage\":\"fr-FR\"},{\"@type\":\"Organization\",\"@id\":\"https:\\\/\\\/www.europa-prefabri.com\\\/#organization\",\"name\":\"Prefabri S.L.\",\"url\":\"https:\\\/\\\/www.europa-prefabri.com\\\/\",\"logo\":{\"@type\":\"ImageObject\",\"inLanguage\":\"fr-FR\",\"@id\":\"https:\\\/\\\/www.europa-prefabri.com\\\/#\\\/schema\\\/logo\\\/image\\\/\",\"url\":\"https:\\\/\\\/www.europa-prefabri.com\\\/wp-content\\\/uploads\\\/EuropaPrefabri-Logo.jpg\",\"contentUrl\":\"https:\\\/\\\/www.europa-prefabri.com\\\/wp-content\\\/uploads\\\/EuropaPrefabri-Logo.jpg\",\"width\":752,\"height\":348,\"caption\":\"Prefabri S.L.\"},\"image\":{\"@id\":\"https:\\\/\\\/www.europa-prefabri.com\\\/#\\\/schema\\\/logo\\\/image\\\/\"},\"sameAs\":[\"https:\\\/\\\/www.facebook.com\\\/Europa-Prefabri-258328977572213\\\/\",\"https:\\\/\\\/x.com\\\/EuropaPrefabri\",\"https:\\\/\\\/www.instagram.com\\\/europaprefabri\\\/\",\"https:\\\/\\\/es.linkedin.com\\\/company\\\/europa-prefabri\",\"https:\\\/\\\/es.pinterest.com\\\/europaprefabri\\\/\",\"https:\\\/\\\/www.youtube.com\\\/user\\\/PrefabriSL\"]}]}<\/script>\n<!-- \/ Yoast SEO plugin. -->","yoast_head_json":{"title":"Europa Prefabri - Condiciones Generales","description":"Condiciones generales de uso del sitio web de Europa Prefabri","robots":{"index":"index","follow":"follow","max-snippet":"max-snippet:-1","max-image-preview":"max-image-preview:large","max-video-preview":"max-video-preview:-1"},"canonical":"https:\/\/www.europa-prefabri.com\/fr\/aviso-legal\/","og_locale":"fr_FR","og_type":"article","og_title":"Europa Prefabri - Condiciones Generales","og_description":"Condiciones generales de uso del sitio web de Europa Prefabri","og_url":"https:\/\/www.europa-prefabri.com\/fr\/aviso-legal\/","og_site_name":"Europa Prefabri | Alquiler y venta de construcciones modulares","article_publisher":"https:\/\/www.facebook.com\/Europa-Prefabri-258328977572213\/","article_modified_time":"2021-06-16T08:56:10+00:00","twitter_card":"summary_large_image","twitter_site":"@EuropaPrefabri","twitter_misc":{"Est. reading time":"2 minutes"},"schema":{"@context":"https:\/\/schema.org","@graph":[{"@type":"WebPage","@id":"https:\/\/www.europa-prefabri.com\/fr\/aviso-legal\/","url":"https:\/\/www.europa-prefabri.com\/fr\/aviso-legal\/","name":"Europa Prefabri - Condiciones Generales","isPartOf":{"@id":"https:\/\/www.europa-prefabri.com\/#website"},"datePublished":"2013-10-22T13:55:11+00:00","dateModified":"2021-06-16T08:56:10+00:00","description":"Condiciones generales de uso del sitio web de Europa Prefabri","breadcrumb":{"@id":"https:\/\/www.europa-prefabri.com\/fr\/aviso-legal\/#breadcrumb"},"inLanguage":"fr-FR","potentialAction":[{"@type":"ReadAction","target":["https:\/\/www.europa-prefabri.com\/fr\/aviso-legal\/"]}]},{"@type":"BreadcrumbList","@id":"https:\/\/www.europa-prefabri.com\/fr\/aviso-legal\/#breadcrumb","itemListElement":[{"@type":"ListItem","position":1,"name":"Portada","item":"https:\/\/www.europa-prefabri.com\/fr\/"},{"@type":"ListItem","position":2,"name":"Mention l\u00e9gale"}]},{"@type":"WebSite","@id":"https:\/\/www.europa-prefabri.com\/#website","url":"https:\/\/www.europa-prefabri.com\/","name":"Europa Prefabri | Alquiler y venta de construcciones modulares","description":"Alquiler y venta de construcciones modulares, casetas de obra, marquesinas de aparcamiento y vallas y cerramientos.","publisher":{"@id":"https:\/\/www.europa-prefabri.com\/#organization"},"potentialAction":[{"@type":"SearchAction","target":{"@type":"EntryPoint","urlTemplate":"https:\/\/www.europa-prefabri.com\/?s={search_term_string}"},"query-input":{"@type":"PropertyValueSpecification","valueRequired":true,"valueName":"search_term_string"}}],"inLanguage":"fr-FR"},{"@type":"Organization","@id":"https:\/\/www.europa-prefabri.com\/#organization","name":"Prefabri S.L.","url":"https:\/\/www.europa-prefabri.com\/","logo":{"@type":"ImageObject","inLanguage":"fr-FR","@id":"https:\/\/www.europa-prefabri.com\/#\/schema\/logo\/image\/","url":"https:\/\/www.europa-prefabri.com\/wp-content\/uploads\/EuropaPrefabri-Logo.jpg","contentUrl":"https:\/\/www.europa-prefabri.com\/wp-content\/uploads\/EuropaPrefabri-Logo.jpg","width":752,"height":348,"caption":"Prefabri S.L."},"image":{"@id":"https:\/\/www.europa-prefabri.com\/#\/schema\/logo\/image\/"},"sameAs":["https:\/\/www.facebook.com\/Europa-Prefabri-258328977572213\/","https:\/\/x.com\/EuropaPrefabri","https:\/\/www.instagram.com\/europaprefabri\/","https:\/\/es.linkedin.com\/company\/europa-prefabri","https:\/\/es.pinterest.com\/europaprefabri\/","https:\/\/www.youtube.com\/user\/PrefabriSL"]}]}},"_links":{"self":[{"href":"https:\/\/www.europa-prefabri.com\/fr\/wp-json\/wp\/v2\/pages\/3100","targetHints":{"allow":["GET"]}}],"collection":[{"href":"https:\/\/www.europa-prefabri.com\/fr\/wp-json\/wp\/v2\/pages"}],"about":[{"href":"https:\/\/www.europa-prefabri.com\/fr\/wp-json\/wp\/v2\/types\/page"}],"author":[{"embeddable":true,"href":"https:\/\/www.europa-prefabri.com\/fr\/wp-json\/wp\/v2\/users\/4"}],"replies":[{"embeddable":true,"href":"https:\/\/www.europa-prefabri.com\/fr\/wp-json\/wp\/v2\/comments?post=3100"}],"version-history":[{"count":0,"href":"https:\/\/www.europa-prefabri.com\/fr\/wp-json\/wp\/v2\/pages\/3100\/revisions"}],"wp:attachment":[{"href":"https:\/\/www.europa-prefabri.com\/fr\/wp-json\/wp\/v2\/media?parent=3100"}],"curies":[{"name":"wp","href":"https:\/\/api.w.org\/{rel}","templated":true}]}}

Mention légale

<h2><strong>Mention légale </strong></h2>
<p><strong>PREFABRI, S.L.</strong>, ayant pour CIF/NIF le nº: B78567799 et domiciliée au : 6 Calle Perú, Edif. Twin Golf B, 2-1, 28290 – Las Rozas (Madrid), ne peut assumer quelque responsabilité liée à une utilisation incorrecte, inappropriée ou illicite des données publiées sur le site : <a href="https://www.europa-prefabri.com">www.europa-prefabri.com</a>.</p>
<p><strong>PREFABRI, S.L.</strong> est inscrite au Registre du Commerce de Madrid, au tome 7956 général de la section 3 du Livre de Sociétés, feuillet 192 page 68928-3.</p>
<p>Avec les limites établies par la loi, <strong>PREFABRI, S.L.</strong> ne prend aucunement la responsabilité liée au manque de véracité, d’intégrité, d’actualisation ou de précision des informations contenues sur le site internet.</p>
<p>Les contenus ou informations ne contraignent en aucun cas <strong>PREFABRI, S.L.</strong>, ni ne constituent quel qu’opinion, conseils, ou accompagnement juridique de n’importe quelle sorte étant donné qu’il s’agit d’un service proposé à titre informatif.</p>
<p>Les pages internet de <strong>PREFABRI, S.L.</strong> peuvent contenir des liens vers des pages autres que <strong>PREFABRI, S.L.</strong> ne peut contrôler. Ainsi, <strong>PREFABRI, S.L.</strong> ne peut prendre en charge la responsabilité du contenu publié sur ces autres pages.</p>
<p>Les textes, images, sons, animations, software et reste du contenu inclus sur ce site internet sont la propriété exclusive de PREFABRI, S.L. ou de ses concédants.</p>
<p>Toute transmission, distribution, cession, reproduction, stockage ou communication publique totale ou partielle, devra disposer du consentement exprès de PREFABRI, S.L.</p>
<p>Aussi, pour accéder à l’un des services proposé par <strong>PREFABRI, S.L.</strong> à travers de sa page internet, des données à caractère personnel vous seront demandées.</p>
<p>En accord avec ce qui est établit par le Règlement (UE) 2016/679 du Parlement Européen et du Conseil du 27 avril 2016, relatif à la protection des personnes physiques en ce qui concerne le traitement des données personnelles et la libre circulation de ces données nous informons que, par le respect des normes citées ci-dessus, vos données personnelles seront incorporées et traitées par les fichiers de <strong>PREFABRI, S.L.</strong> dans le but de pouvoir vous offrir nos services ainsi que pour vous informer des éventuelles amélioration du site internet.</p>
<p>Nous vous informons également que vous aurez la possibilité à tout moment d’exercer votre droit d’accès, de rectification, d’annulation, d’opposition, de limitation et de portabilité de vos données à caractère personnel, de façon gratuite par email à : <a href="mailto:communication@europa-prefabri.com">communication@europa-prefabri.com</a> ou par courrier à : Calle Perú 6, Edif. Twin Golf B, 2-1, 28290 – Las Rozas (Madrid) – Espagne.</p>

<p>Mention légale PREFABRI, S.L., ayant pour CIF/NIF le nº: B78567799 et domiciliée au : 6 Calle Perú, Edif. Twin Golf B, 2-1, 28290 – Las Rozas (Madrid), ne peut assumer quelque responsabilité liée à une utilisation incorrecte, inappropriée ou illicite des données publiées sur le site : www.europa-prefabri.com. PREFABRI, S.L. est inscrite au Registre du Commerce [&hellip;]</p>

<!-- This site is optimized with the Yoast SEO plugin v27.5 - https://yoast.com/product/yoast-seo-wordpress/ -->
<title>Europa Prefabri - Condiciones Generales</title>
<meta name="description" content="Condiciones generales de uso del sitio web de Europa Prefabri" />
<meta name="robots" content="index, follow, max-snippet:-1, max-image-preview:large, max-video-preview:-1" />
<link rel="canonical" href="https://www.europa-prefabri.com/fr/aviso-legal/" />
<meta property="og:locale" content="fr_FR" />
<meta property="og:type" content="article" />
<meta property="og:title" content="Europa Prefabri - Condiciones Generales" />
<meta property="og:description" content="Condiciones generales de uso del sitio web de Europa Prefabri" />
<meta property="og:url" content="https://www.europa-prefabri.com/fr/aviso-legal/" />
<meta property="og:site_name" content="Europa Prefabri | Alquiler y venta de construcciones modulares" />
<meta property="article:publisher" content="https://www.facebook.com/Europa-Prefabri-258328977572213/" />
<meta property="article:modified_time" content="2021-06-16T08:56:10+00:00" />
<meta name="twitter:card" content="summary_large_image" />
<meta name="twitter:site" content="@EuropaPrefabri" />
<meta name="twitter:label1" content="Est. reading time" />
	<meta name="twitter:data1" content="2 minutes" />
<script type="application/ld+json" class="yoast-schema-graph">{"@context":"https:\/\/schema.org","@graph":[{"@type":"WebPage","@id":"https:\/\/www.europa-prefabri.com\/fr\/aviso-legal\/","url":"https:\/\/www.europa-prefabri.com\/fr\/aviso-legal\/","name":"Europa Prefabri - Condiciones Generales","isPartOf":{"@id":"https:\/\/www.europa-prefabri.com\/#website"},"datePublished":"2013-10-22T13:55:11+00:00","dateModified":"2021-06-16T08:56:10+00:00","description":"Condiciones generales de uso del sitio web de Europa Prefabri","breadcrumb":{"@id":"https:\/\/www.europa-prefabri.com\/fr\/aviso-legal\/#breadcrumb"},"inLanguage":"fr-FR","potentialAction":[{"@type":"ReadAction","target":["https:\/\/www.europa-prefabri.com\/fr\/aviso-legal\/"]}]},{"@type":"BreadcrumbList","@id":"https:\/\/www.europa-prefabri.com\/fr\/aviso-legal\/#breadcrumb","itemListElement":[{"@type":"ListItem","position":1,"name":"Portada","item":"https:\/\/www.europa-prefabri.com\/fr\/"},{"@type":"ListItem","position":2,"name":"Mention légale"}]},{"@type":"WebSite","@id":"https:\/\/www.europa-prefabri.com\/#website","url":"https:\/\/www.europa-prefabri.com\/","name":"Europa Prefabri | Alquiler y venta de construcciones modulares","description":"Alquiler y venta de construcciones modulares, casetas de obra, marquesinas de aparcamiento y vallas y cerramientos.","publisher":{"@id":"https:\/\/www.europa-prefabri.com\/#organization"},"potentialAction":[{"@type":"SearchAction","target":{"@type":"EntryPoint","urlTemplate":"https:\/\/www.europa-prefabri.com\/?s={search_term_string}"},"query-input":{"@type":"PropertyValueSpecification","valueRequired":true,"valueName":"search_term_string"}}],"inLanguage":"fr-FR"},{"@type":"Organization","@id":"https:\/\/www.europa-prefabri.com\/#organization","name":"Prefabri S.L.","url":"https:\/\/www.europa-prefabri.com\/","logo":{"@type":"ImageObject","inLanguage":"fr-FR","@id":"https:\/\/www.europa-prefabri.com\/#\/schema\/logo\/image\/","url":"https:\/\/www.europa-prefabri.com\/wp-content\/uploads\/EuropaPrefabri-Logo.jpg","contentUrl":"https:\/\/www.europa-prefabri.com\/wp-content\/uploads\/EuropaPrefabri-Logo.jpg","width":752,"height":348,"caption":"Prefabri S.L."},"image":{"@id":"https:\/\/www.europa-prefabri.com\/#\/schema\/logo\/image\/"},"sameAs":["https:\/\/www.facebook.com\/Europa-Prefabri-258328977572213\/","https:\/\/x.com\/EuropaPrefabri","https:\/\/www.instagram.com\/europaprefabri\/","https:\/\/es.linkedin.com\/company\/europa-prefabri","https:\/\/es.pinterest.com\/europaprefabri\/","https:\/\/www.youtube.com\/user\/PrefabriSL"]}]}</script>
<!-- / Yoast SEO plugin. -->
