{"version":"1.0","provider_name":"Europa Prefabri | Alquiler y venta de construcciones modulares","provider_url":"https:\/\/www.europa-prefabri.com\/fr\/","title":"Bureaux modulaires pr\u00e9fabriqu\u00e9s vitr\u00e9s pour Grudem | Prefabri","type":"rich","width":600,"height":338,"html":"<blockquote class=\"wp-embedded-content\" data-secret=\"jOQEdz1t1g\"><a href=\"https:\/\/www.europa-prefabri.com\/fr\/bureaux-modulaires-vitres\/\">Bureaux modulaires vitr\u00e9s pour Grudem | Prefabri<\/a><\/blockquote><iframe sandbox=\"allow-scripts\" security=\"restricted\" src=\"https:\/\/www.europa-prefabri.com\/fr\/bureaux-modulaires-vitres\/embed\/#?secret=jOQEdz1t1g\" width=\"600\" height=\"338\" title=\"&#8220;Bureaux modulaires vitr\u00e9s pour Grudem | Prefabri&#8221; &#8212; Europa Prefabri | Alquiler y venta de construcciones modulares\" data-secret=\"jOQEdz1t1g\" frameborder=\"0\" marginwidth=\"0\" marginheight=\"0\" scrolling=\"no\" class=\"wp-embedded-content\"><\/iframe><script type=\"text\/javascript\">\n\/* <![CDATA[ *\/\n\/*! This file is auto-generated *\/\n!function(d,l){\"use strict\";l.querySelector&&d.addEventListener&&\"undefined\"!=typeof URL&&(d.wp=d.wp||{},d.wp.receiveEmbedMessage||(d.wp.receiveEmbedMessage=function(e){var t=e.data;if((t||t.secret||t.message||t.value)&&!\/[^a-zA-Z0-9]\/.test(t.secret)){for(var s,r,n,a=l.querySelectorAll('iframe[data-secret=\"'+t.secret+'\"]'),o=l.querySelectorAll('blockquote[data-secret=\"'+t.secret+'\"]'),c=new RegExp(\"^https?:$\",\"i\"),i=0;i<o.length;i++)o[i].style.display=\"none\";for(i=0;i<a.length;i++)s=a[i],e.source===s.contentWindow&&(s.removeAttribute(\"style\"),\"height\"===t.message?(1e3<(r=parseInt(t.value,10))?r=1e3:~~r<200&&(r=200),s.height=r):\"link\"===t.message&&(r=new URL(s.getAttribute(\"src\")),n=new URL(t.value),c.test(n.protocol))&&n.host===r.host&&l.activeElement===s&&(d.top.location.href=t.value))}},d.addEventListener(\"message\",d.wp.receiveEmbedMessage,!1),l.addEventListener(\"DOMContentLoaded\",function(){for(var e,t,s=l.querySelectorAll(\"iframe.wp-embedded-content\"),r=0;r<s.length;r++)(t=(e=s[r]).getAttribute(\"data-secret\"))||(t=Math.random().toString(36).substring(2,12),e.src+=\"#?secret=\"+t,e.setAttribute(\"data-secret\",t)),e.contentWindow.postMessage({message:\"ready\",secret:t},\"*\")},!1)))}(window,document);\n\/* ]]> *\/\n<\/script>\n","thumbnail_url":"https:\/\/www.europa-prefabri.com\/wp-content\/uploads\/oficinas-modulares-acristaladas-para-grudem-10.jpg","thumbnail_width":800,"thumbnail_height":600,"description":"Le Groupe Europa Prefabri a fini l\u2019assemblage des bureaux modulaires vitr\u00e9s dans le cadre d'un nouveau projet de construction modulaire. Dans ce nouveau projet, nous avons install\u00e9 un ensemble de bureaux modulaires vitr\u00e9es pour l\u2019entreprise Grudem, \u00e0 Segovia."}

Bureaux modulaires préfabriqués vitrés pour Grudem | Prefabri

<blockquote class="wp-embedded-content" data-secret="jOQEdz1t1g"><a href="https://www.europa-prefabri.com/fr/bureaux-modulaires-vitres/">Bureaux modulaires vitrés pour Grudem | Prefabri</a></blockquote><iframe sandbox="allow-scripts" security="restricted" src="https://www.europa-prefabri.com/fr/bureaux-modulaires-vitres/embed/#?secret=jOQEdz1t1g" width="600" height="338" title="&#8220;Bureaux modulaires vitrés pour Grudem | Prefabri&#8221; &#8212; Europa Prefabri | Alquiler y venta de construcciones modulares" data-secret="jOQEdz1t1g" frameborder="0" marginwidth="0" marginheight="0" scrolling="no" class="wp-embedded-content"></iframe><script type="text/javascript">
/* <![CDATA[ */
/*! This file is auto-generated */
!function(d,l){"use strict";l.querySelector&&d.addEventListener&&"undefined"!=typeof URL&&(d.wp=d.wp||{},d.wp.receiveEmbedMessage||(d.wp.receiveEmbedMessage=function(e){var t=e.data;if((t||t.secret||t.message||t.value)&&!/[^a-zA-Z0-9]/.test(t.secret)){for(var s,r,n,a=l.querySelectorAll('iframe[data-secret="'+t.secret+'"]'),o=l.querySelectorAll('blockquote[data-secret="'+t.secret+'"]'),c=new RegExp("^https?:$","i"),i=0;i<o.length;i++)o[i].style.display="none";for(i=0;i<a.length;i++)s=a[i],e.source===s.contentWindow&&(s.removeAttribute("style"),"height"===t.message?(1e3<(r=parseInt(t.value,10))?r=1e3:~~r<200&&(r=200),s.height=r):"link"===t.message&&(r=new URL(s.getAttribute("src")),n=new URL(t.value),c.test(n.protocol))&&n.host===r.host&&l.activeElement===s&&(d.top.location.href=t.value))}},d.addEventListener("message",d.wp.receiveEmbedMessage,!1),l.addEventListener("DOMContentLoaded",function(){for(var e,t,s=l.querySelectorAll("iframe.wp-embedded-content"),r=0;r<s.length;r++)(t=(e=s[r]).getAttribute("data-secret"))||(t=Math.random().toString(36).substring(2,12),e.src+="#?secret="+t,e.setAttribute("data-secret",t)),e.contentWindow.postMessage({message:"ready",secret:t},"*")},!1)))}(window,document);
/* ]]> */
</script>

Le Groupe Europa Prefabri a fini l’assemblage des bureaux modulaires vitrés dans le cadre d'un nouveau projet de construction modulaire. Dans ce nouveau projet, nous avons installé un ensemble de bureaux modulaires vitrées pour l’entreprise Grudem, à Segovia.
